{"id":379,"date":"2021-02-07T17:49:27","date_gmt":"2021-02-07T16:49:27","guid":{"rendered":"https:\/\/www.campingplatz-ankergrund.de\/?page_id=379"},"modified":"2026-03-26T11:42:39","modified_gmt":"2026-03-26T10:42:39","slug":"impressum","status":"publish","type":"page","link":"https:\/\/www.campingplatz-ankergrund.de\/index.php\/impressum\/","title":{"rendered":"Impressum"},"content":{"rendered":"<div class=\"brz brz-root__container brz-reset-all brz-root__container-page\" >\n<section id=\"dghzogabqiuumaurxmtchzzvmcxxxswtgtbq_dghzogabqiuumaurxmtchzzvmcxxxswtgtbq\" class=\"brz-section brz-css-d-section brz-css-ar8r2o\">\n<div class=\"brz-section__content brz-section--boxed brz-css-d-sectionitem-bg brz-css-1x6h9hu\" data-brz-custom-id=\"dxopucehptxmqaajbbqpjmtcmybedzpuoikd\">\n<div class=\"brz-container brz-css-d-sectionitem-container brz-css-g7ytiv\">\n<div id=\"\" class=\"brz-css-d-wrapper brz-css-3bostq brz-wrapper\">\n<div class=\"brz-rich-text brz-rich-text__custom brz-css-d-richtext brz-css-b8fthu\" data-brz-custom-id=\"tidljlymxrhxgstoiqatfynjcskmijjbvmey\">\n<div data-brz-translate-text=\"1\">\n<p class=\"brz-tp-heading1 brz-text-lg-center brz-css-iSZx1\"><span class=\"brz-cp-color3\">Impressum<\/span><\/p>\n<\/div>\n<\/div>\n<\/div>\n<\/div>\n<\/div>\n<\/section>\n<section id=\"arsjamjdsaranqilthkgabwusleyuxsgzzxe_arsjamjdsaranqilthkgabwusleyuxsgzzxe\" class=\"brz-section brz-css-d-section brz-css-iu4mk9\">\n<div class=\"brz-section__content brz-section--boxed brz-css-d-sectionitem-bg brz-css-1ygbz4l\" data-brz-custom-id=\"dkujkegixrnaxpocvbxrlbxqfmbmnftvwmmk\">\n<div class=\"brz-container brz-css-d-sectionitem-container brz-css-9mdc1c\">\n<div id=\"\" class=\"brz-css-d-wrapper brz-css-u2ermc brz-wrapper\">\n<div class=\"brz-rich-text brz-rich-text__custom brz-css-d-richtext brz-css-7jg4gk\" data-brz-custom-id=\"qxcsjvzrvmrlcvhgtpmorpakcyrrbmkfwsvh\">\n<div data-brz-translate-text=\"1\">\n<p class=\"brz-tp-lg-paragraph brz-css-gFhHL\" data-uniq-id=\"ogWr1\" data-generated-css=\"brz-css-bkmDP\"><strong class=\"brz-cp-color2\">Angaben gem\u00e4\u00df \u00a7 5 TMG:<\/strong><\/p>\n<p class=\"brz-tp-lg-paragraph brz-css-bbE67\" data-uniq-id=\"lc7hQ\" data-generated-css=\"brz-css-io7O8\"><span class=\"brz-cp-color2\">Campingplatz Ankergrund GmbH<\/span><\/p>\n<p class=\"brz-tp-lg-paragraph brz-css-mVqQQ\" data-uniq-id=\"hBI2d\" data-generated-css=\"brz-css-csxiT\"><span class=\"brz-cp-color2\">Fahrerstr. 7<\/span><\/p>\n<p class=\"brz-tp-lg-paragraph brz-css-t6XCs\" data-uniq-id=\"vXajH\" data-generated-css=\"brz-css-qdNAF\"><span class=\"brz-cp-color2\">97332 Volkach<\/span><\/p>\n<p class=\"brz-tp-lg-paragraph brz-css-ij_vi\" data-uniq-id=\"nXlOv\" data-generated-css=\"brz-css-moD9V\"><span class=\"brz-cp-color2\"> <\/span><\/p>\n<p class=\"brz-tp-lg-paragraph brz-css-dH4Jo\" data-uniq-id=\"cNWQk\" data-generated-css=\"brz-css-zfryR\"><strong class=\"brz-cp-color2\">Gesch\u00e4ftsf\u00fchrung: <\/strong><\/p>\n<p class=\"brz-tp-lg-paragraph brz-css-o9tIc\" data-uniq-id=\"yWMbz\" data-generated-css=\"brz-css-scnGp\"><span class=\"brz-cp-color2\">Tanja Herlitz<\/span><\/p>\n<p class=\"brz-tp-lg-paragraph brz-css-e881H\" data-uniq-id=\"ah94D\" data-generated-css=\"brz-css-rUfsZ\"><span class=\"brz-cp-color2\">Amtsgericht W\u00fcrzburg HRB 14432<\/span><\/p>\n<p class=\"brz-tp-lg-paragraph brz-css-ppK4J\" data-uniq-id=\"c4f41\" data-generated-css=\"brz-css-v8hG8\"><span class=\"brz-cp-color2\">Gerichtsstand Kitzingen<\/span><\/p>\n<p class=\"brz-tp-lg-paragraph brz-css-ebB6l\" data-uniq-id=\"pQH0Q\" data-generated-css=\"brz-css-oPC24\"><span class=\"brz-cp-color2\"> <\/span><\/p>\n<p class=\"brz-tp-lg-paragraph brz-css-hug9T\" data-uniq-id=\"waGu8\" data-generated-css=\"brz-css-eqhdw\"><strong class=\"brz-cp-color2\">Kontakt:<\/strong><\/p>\n<p class=\"brz-tp-lg-paragraph brz-css-us5eh\" data-uniq-id=\"nqt8I\" data-generated-css=\"brz-css-sRj6Y\"><span class=\"brz-cp-color2\">Telefon: <\/span><a class=\"link--external brz-cp-color2\" href=\"tel:+4993816713\" data-brz-link-type=\"external\"><strong>+49 (0) 9381 67-13<\/strong><\/a><\/p>\n<p class=\"brz-tp-lg-paragraph brz-css-yxWYG\" data-uniq-id=\"o7X9D\" data-generated-css=\"brz-css-fPipS\"><span class=\"brz-cp-color2\">E-Mail:&nbsp;<\/span><a class=\"link--external brz-cp-color2\" href=\"mailto:info@campingplatz-ankergrund.de\" data-brz-link-type=\"external\">info@campingplatz-ankergrund.de<\/a><\/p>\n<p class=\"brz-tp-lg-paragraph brz-css-yq_mH\" data-uniq-id=\"uCqX8\" data-generated-css=\"brz-css-pGeUS\"><span class=\"brz-cp-color2\"> <\/span><\/p>\n<p class=\"brz-tp-lg-paragraph brz-css-vPKgB\" data-uniq-id=\"oeJ2Q\" data-generated-css=\"brz-css-gVsmH\"><strong class=\"brz-cp-color2\">Umsatzsteuer-ID:<\/strong><\/p>\n<p class=\"brz-tp-lg-paragraph brz-css-back1\" data-uniq-id=\"yEKaY\" data-generated-css=\"brz-css-czzYO\"><span class=\"brz-cp-color2\">Umsatzsteuer-Identifikationsnummer gem\u00e4\u00df \u00a727 a Umsatzsteuergesetz:<\/span><\/p>\n<p class=\"brz-tp-lg-paragraph brz-css-kWubR\" data-uniq-id=\"nHdhF\" data-generated-css=\"brz-css-u6iNC\"><span class=\"brz-cp-color2\" style=\"color: rgb(28, 28, 28);\">DE 442 890 958<\/span><\/p>\n<p class=\"brz-tp-lg-paragraph brz-css-tqlEw\" data-uniq-id=\"fZyMk\" data-generated-css=\"brz-css-z7YyN\"><span class=\"brz-cp-color2\">Hinweis auf EU-Streitschlichtung<\/span><\/p>\n<p class=\"brz-tp-lg-paragraph brz-css-h3aH3\" data-uniq-id=\"tm9Pu\" data-generated-css=\"brz-css-bDUhY\"><span class=\"brz-cp-color2\">Die Europ\u00e4ische Kommission stellt eine Plattform zur Online-Streitbeilegung (OS) bereit:<\/span><\/p>\n<p class=\"brz-tp-lg-paragraph brz-css-y5Q3V\" data-uniq-id=\"fDZMv\" data-generated-css=\"brz-css-ybi4J\"><a class=\"link--external brz-cp-color2\" href=\"http:\/\/ec.europa.eu\/consumers\/odr\" data-brz-link-type=\"external\">http:\/\/ec.europa.eu\/consumers\/odr<\/a><\/p>\n<p class=\"brz-tp-lg-paragraph brz-css-kzmYM\" data-uniq-id=\"dw3rx\" data-generated-css=\"brz-css-efuCC\"><span class=\"brz-cp-color2\"> <\/span><\/p>\n<p class=\"brz-tp-lg-paragraph brz-css-nFUjF\" data-uniq-id=\"oSlbj\" data-generated-css=\"brz-css-nJBZC\"><span class=\"brz-cp-color2\">Unsere E-Mail-Adresse finden sie oben im Impressum.<\/span><\/p>\n<p class=\"brz-tp-lg-paragraph brz-css-y4_Bx\" data-uniq-id=\"eKBs0\" data-generated-css=\"brz-css-z7z0z\"><span class=\"brz-cp-color2\">Quelle:&nbsp;<\/span><a class=\"link--external brz-cp-color2\" href=\"www.e-recht24.de\" data-brz-link-type=\"external\">www.e-recht24.de<\/a><\/p>\n<p class=\"brz-tp-lg-paragraph brz-css-oMkUI\" data-uniq-id=\"xZ9VS\" data-generated-css=\"brz-css-zqcS_\"><span class=\"brz-cp-color2\"> <\/span><\/p>\n<p class=\"brz-tp-lg-paragraph brz-css-lPEOy\" data-uniq-id=\"lDC8o\" data-generated-css=\"brz-css-dQZ2y\"><span class=\"brz-cp-color2\">Realisation:<\/span><\/p>\n<p class=\"brz-tp-lg-paragraph brz-css-t3lzQ\" data-uniq-id=\"vnUee\" data-generated-css=\"brz-css-yllXr\"><a class=\"link--external brz-cp-color2\" href=\"https:\/\/buerohochweiss.de\" data-brz-link-type=\"external\">B\u00fcro Hochweiss<\/a><span class=\"brz-cp-color2\">&nbsp;| Heike Baumg\u00e4rtner<\/span><\/p>\n<p class=\"brz-tp-lg-paragraph brz-css-nmOjD\" data-uniq-id=\"sCqfK\" data-generated-css=\"brz-css-uwMjX\"><span class=\"brz-cp-color2\"> <\/span><\/p>\n<p class=\"brz-tp-lg-paragraph brz-css-mYYQm\" data-uniq-id=\"kMmZc\" data-generated-css=\"brz-css-bMBO0\"><span class=\"brz-cp-color2\"> <\/span><\/p>\n<p class=\"brz-tp-lg-heading3 brz-css-kryxv\" data-uniq-id=\"eS3qB\" data-generated-css=\"brz-css-qH_9s\"><span style=\"color: rgb(0, 106, 179);\">Haftungsausschluss (Disclaimer)<\/span><\/p>\n<p class=\"brz-tp-lg-paragraph brz-css-kZopF\" data-uniq-id=\"cPejA\" data-generated-css=\"brz-css-zzSdq\"><strong class=\"brz-cp-color2\"> <\/strong><\/p>\n<p class=\"brz-tp-lg-paragraph brz-css-lMDEA\" data-uniq-id=\"oaQ6Z\" data-generated-css=\"brz-css-k2liO\"><strong class=\"brz-cp-color2\">Haftung f\u00fcr Inhalte<\/strong><\/p>\n<p class=\"brz-tp-lg-paragraph brz-css-u1vyc\" data-uniq-id=\"nBeRg\" data-generated-css=\"brz-css-kQYZi\"><span class=\"brz-cp-color2\">Als Diensteanbieter sind wir gem\u00e4\u00df \u00a7 7 Abs.1 TMG f\u00fcr eigene Inhalte auf diesen Seiten nach den allgemeinen Gesetzen verantwortlich. Nach \u00a7\u00a7 8 bis 10 TMG sind wir als Diensteanbieter jedoch nicht verpflichtet, \u00fcbermittelte oder gespeicherte fremde Informationen zu \u00fcberwachen oder nach Umst\u00e4nden zu forschen, die auf eine rechtswidrige T\u00e4tigkeit hinweisen. Verpflichtungen zur Entfernung oder Sperrung der Nutzung von Informationen nach den allgemeinen Gesetzen bleiben hiervon unber\u00fchrt. Eine diesbez\u00fcgliche Haftung ist jedoch erst ab dem Zeitpunkt der Kenntnis einer konkreten Rechtsverletzung m\u00f6glich. Bei Bekanntwerden von entsprechenden Rechtsverletzungen werden wir diese Inhalte umgehend entfernen.<\/span><\/p>\n<p class=\"brz-tp-lg-paragraph brz-css-zYykz\" data-uniq-id=\"yaopE\" data-generated-css=\"brz-css-m_k5r\"><span class=\"brz-cp-color2\"> <\/span><\/p>\n<p class=\"brz-tp-lg-paragraph brz-css-uG6jl\" data-uniq-id=\"el9Qj\" data-generated-css=\"brz-css-s5xaY\"><strong class=\"brz-cp-color2\">Haftung f\u00fcr Links<\/strong><\/p>\n<p class=\"brz-tp-lg-paragraph brz-css-oPceE\" data-uniq-id=\"loZnX\" data-generated-css=\"brz-css-xo17_\"><span class=\"brz-cp-color2\">Unser Angebot enth\u00e4lt Links zu externen Webseiten Dritter, auf deren Inhalte wir keinen Einfluss haben. Deshalb k\u00f6nnen wir f\u00fcr diese fremden Inhalte auch keine Gew\u00e4hr \u00fcbernehmen. F\u00fcr die Inhalte der verlinkten Seiten ist stets der jeweilige Anbieter oder Betreiber der Seiten verantwortlich. Die verlinkten Seiten wurden zum Zeitpunkt der Verlinkung auf m\u00f6gliche Rechtsverst\u00f6\u00dfe \u00fcberpr\u00fcft. Rechtswidrige Inhalte waren zum Zeitpunkt der Verlinkung nicht erkennbar. Eine permanente inhaltliche Kontrolle der verlinkten Seiten ist jedoch ohne konkrete Anhaltspunkte einer Rechtsverletzung nicht zumutbar. Bei Bekanntwerden von Rechtsverletzungen werden wir derartige Links umgehend entfernen.<\/span><\/p>\n<p class=\"brz-tp-lg-paragraph brz-css-mkinj\" data-uniq-id=\"s5pws\" data-generated-css=\"brz-css-f4jXe\"><span class=\"brz-cp-color2\"> <\/span><\/p>\n<p class=\"brz-tp-lg-paragraph brz-css-zXC1B\" data-uniq-id=\"z8L9t\" data-generated-css=\"brz-css-u973c\"><strong class=\"brz-cp-color2\">Urheberrecht<\/strong><\/p>\n<p class=\"brz-tp-lg-paragraph brz-css-qcMi3\" data-uniq-id=\"rLWSm\" data-generated-css=\"brz-css-e4cAS\"><span class=\"brz-cp-color2\">Die durch die Seitenbetreiber erstellten Inhalte und Werke auf diesen Seiten unterliegen dem deutschen Urheberrecht. Die Vervielf\u00e4ltigung, Bearbeitung, Verbreitung und jede Art der Verwertung au\u00dferhalb der Grenzen des Urheberrechtes bed\u00fcrfen der schriftlichen Zustimmung des jeweiligen Autors bzw. Erstellers. Downloads und Kopien dieser Seite sind nur f\u00fcr den privaten, nicht kommerziellen Gebrauch gestattet. Soweit die Inhalte auf dieser Seite nicht vom Betreiber erstellt wurden, werden die Urheberrechte Dritter beachtet. Insbesondere werden Inhalte Dritter als solche gekennzeichnet. Sollten Sie trotzdem auf eine Urheberrechtsverletzung aufmerksam werden, bitten wir um einen entsprechenden Hinweis. Bei Bekanntwerden von Rechtsverletzungen werden wir derartige Inhalte umgehend entfernen. <\/span><\/p>\n<\/div>\n<\/div>\n<\/div>\n<\/div>\n<\/div>\n<\/section><\/div>\n<p><!-- version:1774521759 --><\/p>\n","protected":false},"excerpt":{"rendered":"<p>Impressum Angaben gem\u00e4\u00df \u00a7 5 TMG: Campingplatz Ankergrund GmbH Fahrerstr. 7 97332 Volkach Gesch\u00e4ftsf\u00fchrung: Tanja Herlitz Amtsgericht W\u00fcrzburg HRB 14432 Gerichtsstand Kitzingen Kontakt: Telefon: +49 (0) 9381 67-13 E-Mail:&nbsp;info@campingplatz-ankergrund.de Umsatzsteuer-ID: Umsatzsteuer-Identifikationsnummer gem\u00e4\u00df \u00a727 a Umsatzsteuergesetz: DE 442 890 958 Hinweis auf EU-Streitschlichtung Die Europ\u00e4ische Kommission stellt eine Plattform zur Online-Streitbeilegung (OS) bereit: http:\/\/ec.europa.eu\/consumers\/odr Unsere E-Mail-Adresse [&hellip;]<\/p>\n","protected":false},"author":2,"featured_media":0,"parent":0,"menu_order":0,"comment_status":"closed","ping_status":"closed","template":"brizy-blank-template.php","meta":{"footnotes":""},"class_list":["post-379","page","type-page","status-publish","hentry"],"yoast_head":"<!-- This site is optimized with the Yoast SEO plugin v27.4 - https:\/\/yoast.com\/product\/yoast-seo-wordpress\/ -->\n<title>Impressum - Campingplatz Ankergrund<\/title>\n<meta name=\"robots\" content=\"index, follow, max-snippet:-1, max-image-preview:large, max-video-preview:-1\" \/>\n<link rel=\"canonical\" href=\"https:\/\/www.campingplatz-ankergrund.de\/index.php\/impressum\/\" \/>\n<meta property=\"og:locale\" content=\"de_DE\" \/>\n<meta property=\"og:type\" content=\"article\" \/>\n<meta property=\"og:title\" content=\"Impressum - Campingplatz Ankergrund\" \/>\n<meta property=\"og:description\" content=\"Impressum Angaben gem\u00e4\u00df \u00a7 5 TMG: Campingplatz Ankergrund GmbH Fahrerstr. 7 97332 Volkach Gesch\u00e4ftsf\u00fchrung: Tanja Herlitz Amtsgericht W\u00fcrzburg HRB 14432 Gerichtsstand Kitzingen Kontakt: Telefon: +49 (0) 9381 67-13 E-Mail:&nbsp;info@campingplatz-ankergrund.de Umsatzsteuer-ID: Umsatzsteuer-Identifikationsnummer gem\u00e4\u00df \u00a727 a Umsatzsteuergesetz: DE 442 890 958 Hinweis auf EU-Streitschlichtung Die Europ\u00e4ische Kommission stellt eine Plattform zur Online-Streitbeilegung (OS) bereit: http:\/\/ec.europa.eu\/consumers\/odr Unsere E-Mail-Adresse [&hellip;]\" \/>\n<meta property=\"og:url\" content=\"https:\/\/www.campingplatz-ankergrund.de\/index.php\/impressum\/\" \/>\n<meta property=\"og:site_name\" content=\"Campingplatz Ankergrund\" \/>\n<meta property=\"article:modified_time\" content=\"2026-03-26T10:42:39+00:00\" \/>\n<meta name=\"twitter:card\" content=\"summary_large_image\" \/>\n<meta name=\"twitter:label1\" content=\"Gesch\u00e4tzte Lesezeit\" \/>\n\t<meta name=\"twitter:data1\" content=\"2\u00a0Minuten\" \/>\n<script type=\"application\/ld+json\" class=\"yoast-schema-graph\">{\"@context\":\"https:\\\/\\\/schema.org\",\"@graph\":[{\"@type\":\"WebPage\",\"@id\":\"https:\\\/\\\/www.campingplatz-ankergrund.de\\\/index.php\\\/impressum\\\/\",\"url\":\"https:\\\/\\\/www.campingplatz-ankergrund.de\\\/index.php\\\/impressum\\\/\",\"name\":\"Impressum - Campingplatz Ankergrund\",\"isPartOf\":{\"@id\":\"https:\\\/\\\/www.campingplatz-ankergrund.de\\\/#website\"},\"datePublished\":\"2021-02-07T16:49:27+00:00\",\"dateModified\":\"2026-03-26T10:42:39+00:00\",\"inLanguage\":\"de\",\"potentialAction\":[{\"@type\":\"ReadAction\",\"target\":[\"https:\\\/\\\/www.campingplatz-ankergrund.de\\\/index.php\\\/impressum\\\/\"]}]},{\"@type\":\"WebSite\",\"@id\":\"https:\\\/\\\/www.campingplatz-ankergrund.de\\\/#website\",\"url\":\"https:\\\/\\\/www.campingplatz-ankergrund.de\\\/\",\"name\":\"Campingplatz Ankergrund\",\"description\":\"\",\"potentialAction\":[{\"@type\":\"SearchAction\",\"target\":{\"@type\":\"EntryPoint\",\"urlTemplate\":\"https:\\\/\\\/www.campingplatz-ankergrund.de\\\/?s={search_term_string}\"},\"query-input\":{\"@type\":\"PropertyValueSpecification\",\"valueRequired\":true,\"valueName\":\"search_term_string\"}}],\"inLanguage\":\"de\"}]}<\/script>\n<!-- \/ Yoast SEO plugin. -->","yoast_head_json":{"title":"Impressum - Campingplatz Ankergrund","robots":{"index":"index","follow":"follow","max-snippet":"max-snippet:-1","max-image-preview":"max-image-preview:large","max-video-preview":"max-video-preview:-1"},"canonical":"https:\/\/www.campingplatz-ankergrund.de\/index.php\/impressum\/","og_locale":"de_DE","og_type":"article","og_title":"Impressum - Campingplatz Ankergrund","og_description":"Impressum Angaben gem\u00e4\u00df \u00a7 5 TMG: Campingplatz Ankergrund GmbH Fahrerstr. 7 97332 Volkach Gesch\u00e4ftsf\u00fchrung: Tanja Herlitz Amtsgericht W\u00fcrzburg HRB 14432 Gerichtsstand Kitzingen Kontakt: Telefon: +49 (0) 9381 67-13 E-Mail:&nbsp;info@campingplatz-ankergrund.de Umsatzsteuer-ID: Umsatzsteuer-Identifikationsnummer gem\u00e4\u00df \u00a727 a Umsatzsteuergesetz: DE 442 890 958 Hinweis auf EU-Streitschlichtung Die Europ\u00e4ische Kommission stellt eine Plattform zur Online-Streitbeilegung (OS) bereit: http:\/\/ec.europa.eu\/consumers\/odr Unsere E-Mail-Adresse [&hellip;]","og_url":"https:\/\/www.campingplatz-ankergrund.de\/index.php\/impressum\/","og_site_name":"Campingplatz Ankergrund","article_modified_time":"2026-03-26T10:42:39+00:00","twitter_card":"summary_large_image","twitter_misc":{"Gesch\u00e4tzte Lesezeit":"2\u00a0Minuten"},"schema":{"@context":"https:\/\/schema.org","@graph":[{"@type":"WebPage","@id":"https:\/\/www.campingplatz-ankergrund.de\/index.php\/impressum\/","url":"https:\/\/www.campingplatz-ankergrund.de\/index.php\/impressum\/","name":"Impressum - Campingplatz Ankergrund","isPartOf":{"@id":"https:\/\/www.campingplatz-ankergrund.de\/#website"},"datePublished":"2021-02-07T16:49:27+00:00","dateModified":"2026-03-26T10:42:39+00:00","inLanguage":"de","potentialAction":[{"@type":"ReadAction","target":["https:\/\/www.campingplatz-ankergrund.de\/index.php\/impressum\/"]}]},{"@type":"WebSite","@id":"https:\/\/www.campingplatz-ankergrund.de\/#website","url":"https:\/\/www.campingplatz-ankergrund.de\/","name":"Campingplatz Ankergrund","description":"","potentialAction":[{"@type":"SearchAction","target":{"@type":"EntryPoint","urlTemplate":"https:\/\/www.campingplatz-ankergrund.de\/?s={search_term_string}"},"query-input":{"@type":"PropertyValueSpecification","valueRequired":true,"valueName":"search_term_string"}}],"inLanguage":"de"}]}},"brizy_media":[],"_links":{"self":[{"href":"https:\/\/www.campingplatz-ankergrund.de\/index.php\/wp-json\/wp\/v2\/pages\/379","targetHints":{"allow":["GET"]}}],"collection":[{"href":"https:\/\/www.campingplatz-ankergrund.de\/index.php\/wp-json\/wp\/v2\/pages"}],"about":[{"href":"https:\/\/www.campingplatz-ankergrund.de\/index.php\/wp-json\/wp\/v2\/types\/page"}],"author":[{"embeddable":true,"href":"https:\/\/www.campingplatz-ankergrund.de\/index.php\/wp-json\/wp\/v2\/users\/2"}],"replies":[{"embeddable":true,"href":"https:\/\/www.campingplatz-ankergrund.de\/index.php\/wp-json\/wp\/v2\/comments?post=379"}],"version-history":[{"count":1,"href":"https:\/\/www.campingplatz-ankergrund.de\/index.php\/wp-json\/wp\/v2\/pages\/379\/revisions"}],"predecessor-version":[{"id":38599,"href":"https:\/\/www.campingplatz-ankergrund.de\/index.php\/wp-json\/wp\/v2\/pages\/379\/revisions\/38599"}],"wp:attachment":[{"href":"https:\/\/www.campingplatz-ankergrund.de\/index.php\/wp-json\/wp\/v2\/media?parent=379"}],"curies":[{"name":"wp","href":"https:\/\/api.w.org\/{rel}","templated":true}]}}