{"id":749,"date":"2021-02-21T12:27:13","date_gmt":"2021-02-21T11:27:13","guid":{"rendered":"https:\/\/www.campingplatz-ankergrund.de\/?page_id=749"},"modified":"2026-03-26T11:46:15","modified_gmt":"2026-03-26T10:46:15","slug":"anfahrt","status":"publish","type":"page","link":"https:\/\/www.campingplatz-ankergrund.de\/index.php\/anfahrt\/","title":{"rendered":"Anfahrt"},"content":{"rendered":"<div class=\"brz brz-root__container brz-reset-all brz-root__container-page\" >\n<section id=\"jcrgsuohjvlspixhbzspdszdvgduagyhjemw_jcrgsuohjvlspixhbzspdszdvgduagyhjemw\" class=\"brz-section brz-css-d-section brz-css-6daeoj\">\n<div class=\"brz-section__content brz-section--boxed brz-css-d-sectionitem-bg brz-css-1ft297s\" data-brz-custom-id=\"vqgviveiqbsfbchsqknavzdnezadsykkkfxz\">\n<div class=\"brz-container brz-css-d-sectionitem-container brz-css-17hhz4p\">\n<div id=\"\" class=\"brz-css-d-wrapper brz-css-1yogsw6 brz-wrapper\">\n<div class=\"brz-rich-text brz-rich-text__custom brz-css-d-richtext brz-css-1ntpzn\" data-brz-custom-id=\"cmlhocuhjkqghaijrfusvtbawsmwszdrtugh\">\n<div data-brz-translate-text=\"1\">\n<p class=\"brz-tp-heading1 brz-text-lg-center brz-css-ozG9R\"><span class=\"brz-cp-color3\">Anfahrt<\/span><\/p>\n<\/div>\n<\/div>\n<\/div>\n<\/div>\n<\/div>\n<\/section>\n<section id=\"qncfwaleljmdcyxbgwjaphvodjkzldnbteqp_qncfwaleljmdcyxbgwjaphvodjkzldnbteqp\" class=\"brz-section brz-css-d-section brz-css-1kr10bb\">\n<div class=\"brz-section__content brz-section--boxed brz-css-d-sectionitem-bg brz-css-1e9a6ua\" data-brz-custom-id=\"ggipffiyjmokbanhhqfvjsnosxrkvktnxdsy\">\n<div class=\"brz-bg\">\n<div class=\"brz-bg-image brz-bg-image-parallax\"><\/div>\n<\/div>\n<div class=\"brz-container brz-css-d-sectionitem-container brz-css-14od45v\">\n<div class=\"brz-row__container brz-css-d-row-row brz-css-f8hie3\" data-brz-custom-id=\"wxsieejjvqogxmxuwuiimztigruirxlyrmxd\">\n<div class=\"brz-row brz-css-d-row-container brz-css-r-row-container brz-css-147h0b\">\n<div class=\"brz-columns brz-css-d-column-column brz-css-1hn0ayf\" data-brz-custom-id=\"zpzqzathgtojulveivktlklpkuosltxtmfkc\">\n<div class=\"brz-column__items brz-css-d-column-bg brz-css-8cfxi5\">\n<div id=\"\" class=\"brz-css-d-wrapper brz-css-1w6y3qf brz-wrapper\">\n<div class=\"brz-map brz-map_styles brz-css-d-map brz-css-xo0ejw\" data-brz-custom-id=\"viyqkjbfdygpgapeuqjhxypbynopcvpjzxyx\">\n<div class=\"brz-ui-ed-map-content\"><iframe class=\"intrinsic-ignore brz-ui-ed-iframe\" src=\"https:\/\/www.google.com\/maps\/embed\/v1\/place?key=AIzaSyCcywKcxXeMZiMwLDcLgyEnNglcLOyB_qw&amp;q=Campingplatz Ankergrund, 97332 Volkach&amp;zoom=17\" title=\"map\"><\/iframe><\/div>\n<\/div>\n<\/div>\n<\/div>\n<\/div>\n<div class=\"brz-columns brz-css-d-column-column brz-css-h5qhdh\" data-brz-custom-id=\"kseshujeavegfbmgqxdcvzxoisqdvlzneoot\">\n<div class=\"brz-column__items brz-css-d-column-bg brz-css-1d7h5nd\">\n<div id=\"\" class=\"brz-css-d-wrapper brz-css-xc0k9m brz-wrapper\">\n<div class=\"brz-rich-text brz-rich-text__custom brz-css-d-richtext brz-css-ghybp4\" data-brz-custom-id=\"halwcclsymxqefxopqqfqmzujzxtydbjipbs\">\n<div data-brz-translate-text=\"1\">\n<h2 class=\"brz-text-lg-left brz-tp-lg-heading3 brz-mb-lg-15 brz-css-fRHjk\" data-generated-css=\"brz-css-rpntu\" data-uniq-id=\"fP9_2\"><span class=\"brz-cp-color8\">So finden Sie zu uns: <\/span><\/h2>\n<h2 class=\"brz-text-lg-justify brz-tp-lg-paragraph brz-css-marQE\" data-generated-css=\"brz-css-b9MmK\" data-uniq-id=\"cdtSq\"><strong class=\"brz-cp-color8\">97332 Volkach, Fahrer Stra\u00dfe 7<\/strong><\/h2>\n<h2 class=\"brz-text-lg-justify brz-tp-lg-paragraph brz-css-hp85x\" data-generated-css=\"brz-css-lIXti\" data-uniq-id=\"foKMi\"><strong class=\"brz-cp-color8\"> <\/strong><\/h2>\n<h2 class=\"brz-text-lg-justify brz-tp-lg-paragraph brz-css-fHXwy\" data-generated-css=\"brz-css-mGOvN\" data-uniq-id=\"wSzkK\"><strong class=\"brz-cp-color8\">\u00fcber die A7 Fulda-W\u00fcrzburg-Ulm:<\/strong><\/h2>\n<h2 class=\"brz-text-lg-left brz-tp-lg-paragraph brz-css-cwJuI\" data-generated-css=\"brz-css-ucE7E\" data-uniq-id=\"ow5OQ\"><span class=\"brz-cp-color8\">Ausfahrt W\u00fcrzburg\/Estenfeld\/Volkach \u2013 15 km <\/span><\/h2>\n<h2 class=\"brz-text-lg-left brz-tp-lg-paragraph brz-css-y3erQ\" data-generated-css=\"brz-css-szTQS\" data-uniq-id=\"wp5nP\"><span class=\"brz-cp-color8\"> <\/span><\/h2>\n<h2 class=\"brz-text-lg-left brz-tp-lg-paragraph brz-css-nTsrg\" data-generated-css=\"brz-css-bnfBQ\" data-uniq-id=\"gAB7U\"><strong class=\"brz-cp-color8\">\u00fcber die A3 Frankfurt-W\u00fcrzburg-N\u00fcrnberg:<\/strong><\/h2>\n<h2 class=\"brz-text-lg-left brz-tp-lg-paragraph brz-css-fQxEf\" data-generated-css=\"brz-css-jWJXF\" data-uniq-id=\"lcDwT\"><span class=\"brz-cp-color8\">Ausfahrt Kitzingen\/Schwarzach\/Volkach \u2013 10 km oder<\/span><\/h2>\n<h2 class=\"brz-text-lg-left brz-tp-lg-paragraph brz-css-q55y0\" data-generated-css=\"brz-css-bt1DX\" data-uniq-id=\"cGRl2\"><span class=\"brz-cp-color8\">Ausfahrt Schweinfurt-S\u00fcd\/Wiesentheid \u2013 13 km <\/span><\/h2>\n<h2 class=\"brz-text-lg-left brz-tp-lg-paragraph brz-css-eCyan\" data-generated-css=\"brz-css-ejx1M\" data-uniq-id=\"bPZFb\"><span class=\"brz-cp-color8\"> <\/span><\/h2>\n<h2 class=\"brz-text-lg-left brz-tp-lg-paragraph brz-css-vU0eK\" data-generated-css=\"brz-css-jylf7\" data-uniq-id=\"oYC9f\"><strong class=\"brz-cp-color8\">\u00fcber die B286:&nbsp;<\/strong><\/h2>\n<h2 class=\"brz-text-lg-left brz-tp-lg-paragraph brz-css-hPxL1\" data-generated-css=\"brz-css-kuqDt\" data-uniq-id=\"jKLcg\"><span class=\"brz-cp-color8\">Ausfahrt Unterspiesheim \u2013 14 km oder&nbsp;<\/span><\/h2>\n<h2 class=\"brz-text-lg-left brz-tp-lg-paragraph brz-css-pnGuP\" data-generated-css=\"brz-css-tXuIv\" data-uniq-id=\"bkb5T\"><span class=\"brz-cp-color8\">Ausfahrt Gerolzhofen \u2013 12 km<\/span><\/h2>\n<h2 class=\"brz-text-lg-left brz-tp-lg-paragraph brz-css-dRECO\" data-generated-css=\"brz-css-kgTG1\" data-uniq-id=\"q5f33\"><span class=\"brz-cp-color8\"> <\/span><\/h2>\n<h2 class=\"brz-text-lg-left brz-tp-lg-paragraph brz-css-zRo2a\" data-generated-css=\"brz-css-hszO_\" data-uniq-id=\"qGBF5\"><span class=\"brz-cp-color8\">In Volkach angekommen orientieren Sie sich an unserer Ausschilderung. Der Weg zum Campingplatz zweigt stadtausw\u00e4rts ca. 150 m vor dem Parkplatz zur Kirche \u201eMaria im Weingarten\u201c von der Fahrer Stra\u00dfe ab. <\/span><\/h2>\n<\/div>\n<\/div>\n<\/div>\n<\/div>\n<\/div>\n<\/div>\n<\/div>\n<\/div>\n<\/div>\n<\/section><\/div>\n<p><!-- version:1774521975 --><\/p>\n","protected":false},"excerpt":{"rendered":"<p>Anfahrt So finden Sie zu uns: 97332 Volkach, Fahrer Stra\u00dfe 7 \u00fcber die A7 Fulda-W\u00fcrzburg-Ulm: Ausfahrt W\u00fcrzburg\/Estenfeld\/Volkach \u2013 15 km \u00fcber die A3 Frankfurt-W\u00fcrzburg-N\u00fcrnberg: Ausfahrt Kitzingen\/Schwarzach\/Volkach \u2013 10 km oder Ausfahrt Schweinfurt-S\u00fcd\/Wiesentheid \u2013 13 km \u00fcber die B286:&nbsp; Ausfahrt Unterspiesheim \u2013 14 km oder&nbsp; Ausfahrt Gerolzhofen \u2013 12 km In Volkach angekommen orientieren Sie sich [&hellip;]<\/p>\n","protected":false},"author":2,"featured_media":0,"parent":0,"menu_order":0,"comment_status":"closed","ping_status":"closed","template":"brizy-blank-template.php","meta":{"footnotes":""},"class_list":["post-749","page","type-page","status-publish","hentry"],"yoast_head":"<!-- This site is optimized with the Yoast SEO plugin v27.4 - https:\/\/yoast.com\/product\/yoast-seo-wordpress\/ -->\n<title>Anfahrt - Campingplatz Ankergrund<\/title>\n<meta name=\"description\" content=\"Anfahrt zum Campingplatz Ankergrund. So haben Sie eine bequeme und entspannte Anreise zu uns.\" \/>\n<meta name=\"robots\" content=\"index, follow, max-snippet:-1, max-image-preview:large, max-video-preview:-1\" \/>\n<link rel=\"canonical\" href=\"https:\/\/www.campingplatz-ankergrund.de\/index.php\/anfahrt\/\" \/>\n<meta property=\"og:locale\" content=\"de_DE\" \/>\n<meta property=\"og:type\" content=\"article\" \/>\n<meta property=\"og:title\" content=\"Anfahrt - Campingplatz Ankergrund\" \/>\n<meta property=\"og:description\" content=\"Anfahrt zum Campingplatz Ankergrund. So haben Sie eine bequeme und entspannte Anreise zu uns.\" \/>\n<meta property=\"og:url\" content=\"https:\/\/www.campingplatz-ankergrund.de\/index.php\/anfahrt\/\" \/>\n<meta property=\"og:site_name\" content=\"Campingplatz Ankergrund\" \/>\n<meta property=\"article:modified_time\" content=\"2026-03-26T10:46:15+00:00\" \/>\n<meta name=\"twitter:card\" content=\"summary_large_image\" \/>\n<meta name=\"twitter:label1\" content=\"Gesch\u00e4tzte Lesezeit\" \/>\n\t<meta name=\"twitter:data1\" content=\"2\u00a0Minuten\" \/>\n<script type=\"application\/ld+json\" class=\"yoast-schema-graph\">{\"@context\":\"https:\\\/\\\/schema.org\",\"@graph\":[{\"@type\":\"WebPage\",\"@id\":\"https:\\\/\\\/www.campingplatz-ankergrund.de\\\/index.php\\\/anfahrt\\\/\",\"url\":\"https:\\\/\\\/www.campingplatz-ankergrund.de\\\/index.php\\\/anfahrt\\\/\",\"name\":\"Anfahrt - Campingplatz Ankergrund\",\"isPartOf\":{\"@id\":\"https:\\\/\\\/www.campingplatz-ankergrund.de\\\/#website\"},\"datePublished\":\"2021-02-21T11:27:13+00:00\",\"dateModified\":\"2026-03-26T10:46:15+00:00\",\"description\":\"Anfahrt zum Campingplatz Ankergrund. So haben Sie eine bequeme und entspannte Anreise zu uns.\",\"inLanguage\":\"de\",\"potentialAction\":[{\"@type\":\"ReadAction\",\"target\":[\"https:\\\/\\\/www.campingplatz-ankergrund.de\\\/index.php\\\/anfahrt\\\/\"]}]},{\"@type\":\"WebSite\",\"@id\":\"https:\\\/\\\/www.campingplatz-ankergrund.de\\\/#website\",\"url\":\"https:\\\/\\\/www.campingplatz-ankergrund.de\\\/\",\"name\":\"Campingplatz Ankergrund\",\"description\":\"\",\"potentialAction\":[{\"@type\":\"SearchAction\",\"target\":{\"@type\":\"EntryPoint\",\"urlTemplate\":\"https:\\\/\\\/www.campingplatz-ankergrund.de\\\/?s={search_term_string}\"},\"query-input\":{\"@type\":\"PropertyValueSpecification\",\"valueRequired\":true,\"valueName\":\"search_term_string\"}}],\"inLanguage\":\"de\"}]}<\/script>\n<!-- \/ Yoast SEO plugin. -->","yoast_head_json":{"title":"Anfahrt - Campingplatz Ankergrund","description":"Anfahrt zum Campingplatz Ankergrund. So haben Sie eine bequeme und entspannte Anreise zu uns.","robots":{"index":"index","follow":"follow","max-snippet":"max-snippet:-1","max-image-preview":"max-image-preview:large","max-video-preview":"max-video-preview:-1"},"canonical":"https:\/\/www.campingplatz-ankergrund.de\/index.php\/anfahrt\/","og_locale":"de_DE","og_type":"article","og_title":"Anfahrt - Campingplatz Ankergrund","og_description":"Anfahrt zum Campingplatz Ankergrund. So haben Sie eine bequeme und entspannte Anreise zu uns.","og_url":"https:\/\/www.campingplatz-ankergrund.de\/index.php\/anfahrt\/","og_site_name":"Campingplatz Ankergrund","article_modified_time":"2026-03-26T10:46:15+00:00","twitter_card":"summary_large_image","twitter_misc":{"Gesch\u00e4tzte Lesezeit":"2\u00a0Minuten"},"schema":{"@context":"https:\/\/schema.org","@graph":[{"@type":"WebPage","@id":"https:\/\/www.campingplatz-ankergrund.de\/index.php\/anfahrt\/","url":"https:\/\/www.campingplatz-ankergrund.de\/index.php\/anfahrt\/","name":"Anfahrt - Campingplatz Ankergrund","isPartOf":{"@id":"https:\/\/www.campingplatz-ankergrund.de\/#website"},"datePublished":"2021-02-21T11:27:13+00:00","dateModified":"2026-03-26T10:46:15+00:00","description":"Anfahrt zum Campingplatz Ankergrund. So haben Sie eine bequeme und entspannte Anreise zu uns.","inLanguage":"de","potentialAction":[{"@type":"ReadAction","target":["https:\/\/www.campingplatz-ankergrund.de\/index.php\/anfahrt\/"]}]},{"@type":"WebSite","@id":"https:\/\/www.campingplatz-ankergrund.de\/#website","url":"https:\/\/www.campingplatz-ankergrund.de\/","name":"Campingplatz Ankergrund","description":"","potentialAction":[{"@type":"SearchAction","target":{"@type":"EntryPoint","urlTemplate":"https:\/\/www.campingplatz-ankergrund.de\/?s={search_term_string}"},"query-input":{"@type":"PropertyValueSpecification","valueRequired":true,"valueName":"search_term_string"}}],"inLanguage":"de"}]}},"brizy_media":[{"id":753,"url":"https:\/\/www.campingplatz-ankergrund.de\/wp-content\/uploads\/brizy\/752\/assets\/images\/3b18e19a7b0e062466750fdcbdc700ec.jpg","name":"3b18e19a7b0e062466750fdcbdc700ec.jpg","meta":{"brizy_attachment_uid":"3b18e19a7b0e062466750fdcbdc700ec.jpg","brizy_post_uid":["49af2550f4be118b53920d5f81fdd0b6"]}}],"_links":{"self":[{"href":"https:\/\/www.campingplatz-ankergrund.de\/index.php\/wp-json\/wp\/v2\/pages\/749","targetHints":{"allow":["GET"]}}],"collection":[{"href":"https:\/\/www.campingplatz-ankergrund.de\/index.php\/wp-json\/wp\/v2\/pages"}],"about":[{"href":"https:\/\/www.campingplatz-ankergrund.de\/index.php\/wp-json\/wp\/v2\/types\/page"}],"author":[{"embeddable":true,"href":"https:\/\/www.campingplatz-ankergrund.de\/index.php\/wp-json\/wp\/v2\/users\/2"}],"replies":[{"embeddable":true,"href":"https:\/\/www.campingplatz-ankergrund.de\/index.php\/wp-json\/wp\/v2\/comments?post=749"}],"version-history":[{"count":3,"href":"https:\/\/www.campingplatz-ankergrund.de\/index.php\/wp-json\/wp\/v2\/pages\/749\/revisions"}],"predecessor-version":[{"id":38601,"href":"https:\/\/www.campingplatz-ankergrund.de\/index.php\/wp-json\/wp\/v2\/pages\/749\/revisions\/38601"}],"wp:attachment":[{"href":"https:\/\/www.campingplatz-ankergrund.de\/index.php\/wp-json\/wp\/v2\/media?parent=749"}],"curies":[{"name":"wp","href":"https:\/\/api.w.org\/{rel}","templated":true}]}}